 w(j) = -j + 9. Let o(m) = -4*m + 45. Let u(z) = 2*z - 23. Let c(b) = -4*o(b) - 7*u(b). Let h(f) = -2*c(f) - 5*w(f). Calculate h(5).
-2
Let z(f) be the second derivative of f**4/2 + 5*f**3/6 - 2*f**2 + 5*f. Let k(o) = -5*o**2 - 4*o + 3. Let u(g) = 4*k(g) + 3*z(g). Determine u(1).
-3
Let o(q) = 3*q. Let b(t) be the first derivative of t**2/2 + 1. Let m(p) = -5*b(p) + 2*o(p). Let w be (8 - 6) + 3/(-3). Determine m(w).
1
Let l = -5 + 0. Let f(h) = 0 - 2*h + 2 - 6 - 3. Determine f(l).
3
Let b(l) = -l**3 + l**2 - l + 5. Let p be (9/6)/((-2)/(-4)). Suppose 0 = -j - p*k - 12, -2 = -4*j + k + 2. Let d be b(j). Let s(x) = x - 10. Calculate s(d).
-5
Let o(v) be the second derivative of -v**7/840 - 7*v**6/360 - v**5/15 - v**4/4 - 7*v**3/6 - 7*v. Let t(s) be the second derivative of o(s). Give t(-6).
6
Let k(z) = -z**3 + 4*z**2 - 2*z + 2. Suppose -2*y - i + 110 = -5*i, -5*y = 4*i - 205. Let s be (4/(-6))/((-10)/y). Suppose s*j + j - 12 = 0. What is k(j)?
5
Suppose 4*a = 3*q - 0*q + 35, -5*a = q - 20. Suppose 8 = -3*b + 2*x + 2*x, -2*b = 2*x + 10. Let i = b - q. Let y(k) = -4*k**2 + 1. Determine y(i).
-3
Let r(i) be the first derivative of i**4/4 + i**3/3 + 8*i + 16. Suppose 3*m - 4*b - 1 = 0, -5*b + 4 = -m + 19. Let p be (-2)/5 - 2/m. Determine r(p).
8
Let z(m) = 3*m - 7 + 1 - 4*m. Let d be (10/(-3))/((-16)/(-24)). Give z(d).
-1
Suppose -4*p = 4*l - 2*p - 2, 3*l = 3*p + 6. Let a be (l/(-2))/(4/24). Let y(v) = 4*v - 4*v - 2*v. Determine y(a).
6
Let c(n) be the first derivative of -n**4/4 - 3*n**3 - n**2/2 - n - 12. What is c(-9)?
8
Let w(k) = -k**2 + 7*k. Suppose -3*m = m - 24. What is w(m)?
6
Let j(q) = -11 + q + 8 + 0*q + 3*q**2 - 4*q**2. Determine j(3).
-9
Let d(k) = k**2 - 6*k + 6. Let v be ((-8)/10)/((-18)/135). Determine d(v).
6
Let o = -3 + 5. Let c(p) = p**o + 2 - 3 - 4*p + 0. What is c(5)?
4
Let a(k) = -k**3 - k**2. Let n be ((-2)/(-5))/(12/(-60)). Give a(n).
4
Let o be 1*0*(1 + -2). Suppose o = -0*j + 5*j - 20. Let s(c) = 2*c - j*c + 0*c. What is s(-2)?
4
Let t(y) be the first derivative of -y**3/3 + 5*y**2 + 5*y + 60. What is t(9)?
14
Suppose 0 = -4*h + 13 + 11. Suppose -4*t + 5*b = 33, -23 = -t - h*b + b. Let u(m) be the third derivative of -m**4/8 - m**3/3 + m**2. What is u(t)?
4
Suppose 5 = f - l, 4*f - 2*f = 5*l + 16. Let m be -4 + (2 - (f + -4)). Let a(o) = 16*o. Calculate a(m).
-16
Let z be (-9)/(-1)*(-2)/(-6). Let w(m) = -4*m + 1 + z*m + 3 + 3. Let p = 2 - 2. Determine w(p).
7
Let g be 1 + -1 + -2 + 20. Let p(q) = -9*q + g*q + 18*q**2 - 10*q. Calculate p(1).
17
Let b(m) = -9*m + 2. Let p be b(1). Let l(n) = -n - 2. Give l(p).
5
Suppose -i = -4*i + 6. Suppose r = -i*r + 6. Let y(c) = 4*c**r + 7 - 5*c + c - c**3 + 2*c**3. Calculate y(-5).
2
Let c(o) = 2*o**2 + o**2 + 0*o**2 + 3*o - 4*o. Let i be c(-1). Let u(j) = -j**3 - 4*j + i - 5*j**2 + 8*j**2 + 5*j. Determine u(3).
7
Let t = 1 - 1. Suppose 4*s - 16 = -t*s. Let z(j) be the second derivative of j**5/20 - 5*j**4/12 + j**3/2 + j**2/2 - 6*j - 4. What is z(s)?
-3
Let b(d) = d**3 - 11. Suppose -q = -4*q. Calculate b(q).
-11
Let w(l) be the second derivative of -l**4/12 - 2*l**3/3 + 5*l**2/2 + 8*l. Calculate w(-4).
5
Suppose -3 = -4*i + 5. Suppose -i*k = 77 - 7. Let m be 1/7 + 40/k. Let t(n) = n**2 + 3*n + 1. What is t(m)?
-1
Suppose -15 = -4*c - c + 4*k, -3*k + 15 = 5*c. Suppose -3*r + 3*y = 21, -r + 2 - c = 2*y. Let l(w) = 2*w + 5. Calculate l(r).
-5
Let f(w) = w**2 + 11*w - 10. Let y be f(-12). Suppose y*j + i = 4*i - 10, j = i - 3. Let p(x) = -2*x - 1. Give p(j).
-3
Let c(y) = -y + 10. Let h be c(7). Let q(f) = 2*f - h*f + 0*f + 7. Determine q(5).
2
Let p = -13 + 6. Let q = 3 + p. Let j(m) = 2*m + 1. Determine j(q).
-7
Let l(u) = 2*u**3 - u**2 + 2*u - 1. Let k = 5 + -4. Let g be l(k). Let h(t) = 0*t**g + 4 - 2*t - t**2 - 4. Determine h(-3).
-3
Let a(v) be the third derivative of 0 + 1/20*v**5 + 1/3*v**3 + 0*v**4 + v**2 + 1/360*v**6 + 0*v. Let m(u) be the first derivative of a(u). Determine m(-5).
-5
Let d(y) = -10*y**2 + 2*y - 1. Suppose -2*k + 2 = -4. Suppose -u + 6*u - 3 = m, 0 = 5*u - 4*m + k. Calculate d(u).
-9
Let r(q) = 16*q - 9. Suppose 7*p = 9*p + 4. Let i(b) = 3*b - 2. Let n(s) = p*r(s) + 11*i(s). Determine n(-5).
-9
Suppose 1 - 5 = -4*p. Suppose -5*k = -3*k. Let w(m) = -m + k*m - 2*m + 4*m + 6*m**2. What is w(p)?
7
Let y = 11 - 9. Let b(k) = 3 + 3 - 5 - 2 + 3*k**y. Give b(-1).
2
Suppose -2*v + 3*l = -19, 16 = -0*v + 3*v - 2*l. Let k(f) = -f - 4*f - 3 + 5*f**2 - 7*f**v. Calculate k(-3).
-6
Suppose 0 = 2*h + 5*m - 3*m + 2, -3*m = -3*h - 15. Let x(q) = -3*q - 4. Give x(h).
5
Let c(j) = j**2 + 6*j - 4*j + j - 2*j. Calculate c(0).
0
Suppose 0*b - 2*b = 6. Let t(u) be the first derivative of u**3/3 + u**2 - 2*u + 6. Give t(b).
1
Let s(x) = 3 - 3*x - 3*x**2 - 6*x**2 + 8*x**2. Suppose -5*o - 5*b + 5 = 0, -3*o - 2*o - b = -9. Give s(o).
-7
Suppose 3*a = -a - 4. Let x(r) = -r - 1 + r + 2*r. Determine x(a).
-3
Let o(q) = -5*q**2 + 6*q. Let t(c) be the third derivative of c**5/60 - c**4/24 + 4*c**2. Let f(y) = -o(y) - 4*t(y). Give f(2).
0
Suppose -44 = -2*x + 4*x. Let p be (-4)/x + (-35)/11. Let n(a) = a + 5. Let h(d) = -6*d - 26. Let k(y) = -2*h(y) - 11*n(y). Give k(p).
-6
Let v(j) = 4*j**3 + 9*j**2 + 5*j - 7. Let b(i) = 11*i**3 + 26*i**2 + 14*i - 21. Let c(s) = 3*b(s) - 8*v(s). Calculate c(-5).
8
Suppose -4*d = 5*l - 11, -l + 4*l + 4*d = 13. Let i be l/2*(6 + 6). Let g(j) = j**3 + 6*j**2 - 2*j - 5. Calculate g(i).
7
Let d be (-2)/(-3) + 49/21. Let l(w) = w**3 - 4*w**2 + 5*w - 3. Let u be l(d). Let i(s) = u*s + 3*s + s + 7 - 5*s. What is i(-6)?
-5
Let k(y) = -y**3 - 7*y**2 - 9*y - 5. Let t = 8 + -14. What is k(t)?
13
Let g be (-8)/6*(2 - -1). Let m = g - -7. Let a(k) = -5 + 3*k + 4 + k - 5*k. Give a(m).
-4
Let d be 158/6 - (-3)/(-9). Let a be (-4)/(-10) - d/(-10). Let x(i) = i - i + a*i - 3. What is x(3)?
6
Let s(q) be the third derivative of -q**5/60 - 7*q**4/24 - 5*q**3/6 - 10*q**2. What is s(-7)?
-5
Let j(n) = n**3 + 2*n**2 + n. Let h = 5 - 7. Let d be h/2 - 2 - -1. Calculate j(d).
-2
Let x(t) = 2. Let r(u) = u - 1. Let m(q) = 4*r(q) + 5*x(q). Give m(-7).
-22
Let g(l) be the third derivative of -l**6/60 + l**5/60 + l**4/24 - l**3/6 - l**2. Let q(p) = -p**3 - 3*p**2 + 3*p - 3. Let o be q(-4). Calculate g(o).
-1
Let i(f) = -f + 4. Suppose 4*k = -12 + 72. Let q be ((-2)/6)/(-1)*k. Calculate i(q).
-1
Let o(x) = 117*x**2 - 62*x**2 - 1 - 38*x**2. Determine o(1).
16
Let p(t) = t - 6. Suppose 2*r - 14 = -2*d, -3*r = -3*d + 5 - 2. Suppose 3 = r*m - 2*m. Determine p(m).
-3
Let b(f) = -4*f**3 + f**2 - 2*f + 1. Let n be b(1). Let s(y) be the first derivative of y**3/3 + 5*y**2/2 - 4*y + 1. Give s(n).
-8
Suppose 7 - 1 = 2*h. Suppose -3*k + 7 = -2. Let z(o) = 0 + 0 - 3 + k*o + 2. Give z(h).
8
Let b(w) = w**3 + 9*w**2 + 8*w + 5. Let z be 2 + (-4)/6*15. Determine b(z).
5
Let y(m) = -3*m**3 + 2*m**2 - 5*m - 2. Let x(k) = 16*k**3 - 10*k**2 + 26*k + 11. Let s(p) = 2*x(p) + 11*y(p). Give s(2).
-6
Let y(j) be the second derivative of -3*j**5/20 - j**4/12 + j**3/6 + j**2/2 - 9*j. Give y(-2).
19
Let f be 1/(2/2) + (-115)/120. Let w(r) be the third derivative of -f*r**4 + 0 + 1/6*r**3 + 0*r - 3*r**2. What is w(0)?
1
Let b(c) = -c**3 - 7*c**2 + 10. Suppose 0 = -6*a - 0*a - 42. Determine b(a).
10
Let j = -87/2 - -44. Let t(a) be the second derivative of 2*a + 1/10*a**5 + j*a**3 + 1/3*a**4 + 0 + 0*a**2. Determine t(-2).
-6
Let x(k) be the first derivative of 2*k**2 - 3*k + 23. What is x(6)?
21
Let j(q) = -3*q**3 - 32*q**2 + 32*q - 3. Let x(p) = p**3 + 11*p**2 - 11*p + 1. Let c(r) = -4*j(r) - 11*x(r). Determine c(-8).
-7
Let t(u) = -u - 2. Suppose 0 = 2*f + s + 7, 5*s - 1 = 2*f. Let k be t(f). Let a(m) = -4*m**2 - 2*m + 1. Determine a(k).
-5
Let h(m) be the third derivative of -m**5/60 + m**4/24 + m**3/6 - 20*m**2. Determine h(2).
-1
Let j = -2 + 4. Suppose j*u + 2 = 0, -3*u + 2*u - 3 = -2*a. Let i(g) = -2*g**2 + 4*g**2 + a - 5*g**2 + 0*g**2. Determine i(-1).
-2
Let c = -11 - -8. Let o(a) be the first derivative of a**2/2 + 4*a - 1. Calculate o(c).
1
Let k(f) = f**3 + f + 2. Let i = -103 + 105. Give k(i).
12
Let r(n) = -4*n**2 + n + 1. Let k be 3 + 1/(3/(-3)). Suppose -3*w + k = 5. Determine r(w).
-4
Let w(o) be the third derivative of o**5/60 + 2*o**3/3 - 24*o**2. Give w(0).
4
Let q be (16/24)/(2/3). Let w(s) 